{"id":10170,"date":"2025-05-30T02:50:42","date_gmt":"2025-05-29T23:50:42","guid":{"rendered":"https:\/\/www.maltahaliyikama.com\/?page_id=10170"},"modified":"2025-06-22T18:43:03","modified_gmt":"2025-06-22T15:43:03","slug":"flos-hali-yikama","status":"publish","type":"page","link":"https:\/\/www.maltahaliyikama.com\/index.php\/hizmetlerimiz\/flos-hali-yikama\/","title":{"rendered":"Flo\u015f Hal\u0131 Y\u0131kama"},"content":{"rendered":"<div class=\"wpb-content-wrapper\"><p>[vc_section][vc_row woodmart_css_id=&#8221;685824836b2bd&#8221; responsive_spacing=&#8221;eyJwYXJhbV90eXBlIjoid29vZG1hcnRfcmVzcG9uc2l2ZV9zcGFjaW5nIiwic2VsZWN0b3JfaWQiOiI2ODU4MjQ4MzZiMmJkIiwic2hvcnRjb2RlIjoidmNfcm93IiwiZGF0YSI6eyJ0YWJsZXQiOnt9LCJtb2JpbGUiOnt9fX0=&#8221; mobile_bg_img_hidden=&#8221;no&#8221; tablet_bg_img_hidden=&#8221;no&#8221; woodmart_parallax=&#8221;0&#8243; woodmart_gradient_switch=&#8221;no&#8221; woodmart_box_shadow=&#8221;no&#8221; wd_z_index=&#8221;no&#8221; woodmart_disable_overflow=&#8221;0&#8243; row_reverse_mobile=&#8221;0&#8243; row_reverse_tablet=&#8221;0&#8243;][vc_column width=&#8221;1\/2&#8243;]\n\t\t<div id=\"wd-684b1bf275730\" class=\"title-wrapper wd-wpb wd-set-mb reset-last-child  wd-rs-684b1bf275730 wd-title-color-default wd-title-style-default text-left  wd-underline-colored\">\n\t\t\t\t\t\t\t\n\t\t\t\t<div class=\"title-subtitle  subtitle-color-default font-alt subtitle-style-default wd-font-weight- wd-fontsize-xs\">Malta Hal\u0131 Y\u0131kama ve Koltuk Y\u0131kama Fabrikas\u0131<br \/>\n| Kocaeli Hal\u0131 Temizli\u011fi &amp; \u0130zmit Profesyonel Hizmet<\/div>\n\t\t\t\n\t\t\t<div class=\"liner-continer\">\n\t\t\t\t<h4 class=\"woodmart-title-container title  wd-font-weight- wd-fontsize-l\" >Flo\u015f Hal\u0131 Y\u0131kama<\/h4>\n\t\t\t\t\t\t\t<\/div>\n\t\t\t\n\t\t\t\n\t\t\t\n\t\t<\/div>\n\t\t\n\t\t\t\t<div id=\"wd-68396168872aa\" class=\"wd-text-block wd-wpb reset-last-child wd-rs-68396168872aa text-left \">\n\t\t\t<p data-start=\"570\" data-end=\"959\"><strong data-start=\"570\" data-end=\"586\">Flo\u015f hal\u0131lar<\/strong>, dekoratif g\u00f6r\u00fcn\u00fcmleri, parlak iplik yap\u0131s\u0131 ve yumu\u015fak dokular\u0131yla son y\u0131llarda ev dekorasyonunda s\u0131k\u00e7a tercih edilen hal\u0131 \u00e7e\u015fitlerinden biridir. Ancak bu hal\u0131lar\u0131n en belirgin \u00f6zelli\u011fi olan parlakl\u0131k ve kayganl\u0131k, yanl\u0131\u015f temizlik teknikleriyle kolayca bozulabilir.<br data-start=\"852\" data-end=\"855\" \/>Y\u00fczeyinde kullan\u0131lan flo\u015f iplikler, kimyasallara ve sert y\u0131kama y\u00f6ntemlerine kar\u015f\u0131 son derece hassast\u0131r.<\/p>\n<p data-start=\"961\" data-end=\"1302\">Bu nedenle <strong data-start=\"972\" data-end=\"992\">Flo\u015f hal\u0131 y\u0131kama<\/strong>, klasik hal\u0131 temizli\u011fi uygulamalar\u0131ndan \u00e7ok daha fazla bilgi, \u00f6zen ve teknoloji gerektirir. <strong data-start=\"1085\" data-end=\"1106\">Malta Hal\u0131 Y\u0131kama<\/strong> olarak biz, \u0130zmit merkezli olarak t\u00fcm <strong data-start=\"1145\" data-end=\"1156\">Kocaeli<\/strong>, <strong data-start=\"1158\" data-end=\"1168\">K\u00f6rfez<\/strong>, <strong data-start=\"1170\" data-end=\"1185\">Yahyakaptan<\/strong>, <strong data-start=\"1187\" data-end=\"1198\">Derince<\/strong>, <strong data-start=\"1200\" data-end=\"1212\">Umuttepe<\/strong>, <strong data-start=\"1214\" data-end=\"1226\">Ye\u015filova<\/strong> b\u00f6lgelerinde bu \u00f6zel hal\u0131 t\u00fcr\u00fc i\u00e7in profesyonel temizlik hizmeti sunuyoruz.<\/p>\n\t\t<\/div>\n\t\t[\/vc_column][vc_column width=&#8221;1\/2&#8243;]\t\t<div id=\"wd-6838f2c20974f\" class=\"wd-image wd-wpb wd-rs-6838f2c20974f text-right \">\n\t\t\t\n\t\t\t<img loading=\"lazy\" decoding=\"async\" width=\"371\" height=\"300\" src=\"https:\/\/www.maltahaliyikama.com\/wp-content\/uploads\/2025\/05\/Flos-Hali-Yikama-Hizmeti-Kocaeli-Izmit-Korfez-Malta-Yesilova-Umuttepe-Malta-Hali-Yikamada.jpg\" class=\"attachment-medium size-medium\" alt=\"Flo\u015f Hal\u0131 Y\u0131kama Hizmeti Kocaeli \u0130zmit K\u00f6rfez Malta Ye\u015filova Umuttepe Malta Hal\u0131 Y\u0131kama&#039;da!\" \/>\n\t\t\t\t\t<\/div>\n\t\t[\/vc_column][\/vc_row][vc_row][vc_column]\n\t\t<div id=\"wd-682c705a72ac5\" class=\"title-wrapper wd-wpb wd-set-mb reset-last-child  wd-rs-682c705a72ac5 wd-title-color-default wd-title-style-default text-left  wd-underline-colored\">\n\t\t\t\n\t\t\t<div class=\"liner-continer\">\n\t\t\t\t<h4 class=\"woodmart-title-container title  wd-font-weight- wd-fontsize-l\" >Flo\u015f Hal\u0131s\u0131 Nedir?<\/h4>\n\t\t\t\t\t\t\t<\/div>\n\t\t\t\n\t\t\t\n\t\t\t\n\t\t<\/div>\n\t\t\n\t\t\t\t<div id=\"wd-682c705ecc33b\" class=\"wd-text-block wd-wpb reset-last-child wd-rs-682c705ecc33b text-left \">\n\t\t\t<p data-start=\"1333\" data-end=\"1619\">Flo\u015f hal\u0131lar, genellikle naylon veya viskon gibi sentetik kar\u0131\u015f\u0131ml\u0131, parlak ve ince ipliklerden \u00fcretilen hal\u0131 t\u00fcrleridir. Dokuma s\u0131ras\u0131nda y\u00fczeyin yumu\u015fak, kadifemsi ve \u0131\u015f\u0131\u011f\u0131 yans\u0131tan bir yap\u0131ya sahip olmas\u0131 hedeflenir. Bu da flo\u015f hal\u0131lar\u0131 hem estetik hem de dikkat \u00e7ekici hale getirir.<\/p>\n<p data-start=\"1621\" data-end=\"1841\">Ancak tam da bu yap\u0131s\u0131 y\u00fcz\u00fcnden, flo\u015f hal\u0131lar normal hal\u0131lara g\u00f6re \u00e7ok daha narin davran\u0131\u015f sergiler. Sert f\u0131r\u00e7alama, s\u0131cak su, y\u00fcksek devirli makineler gibi klasik uygulamalar y\u00fczeyi matla\u015ft\u0131r\u0131r, liflerin yap\u0131s\u0131n\u0131 bozar.<\/p>\n\t\t<\/div>\n\t\t[\/vc_column][\/vc_row][vc_row][vc_column]\n\t\t<div id=\"wd-682c706635564\" class=\"title-wrapper wd-wpb wd-set-mb reset-last-child  wd-rs-682c706635564 wd-title-color-default wd-title-style-default text-left  wd-underline-colored\">\n\t\t\t\n\t\t\t<div class=\"liner-continer\">\n\t\t\t\t<h4 class=\"woodmart-title-container title  wd-font-weight- wd-fontsize-l\" >Flo\u015f Hal\u0131s\u0131 Neden \u00d6zel Y\u0131kama Gerektirir?<\/h4>\n\t\t\t\t\t\t\t<\/div>\n\t\t\t\n\t\t\t\n\t\t\t\n\t\t<\/div>\n\t\t\n\t\t\t\t<div id=\"wd-684b1c123ace8\" class=\"wd-text-block wd-wpb reset-last-child wd-rs-684b1c123ace8 text-left \">\n\t\t\t<ul>\n<li data-start=\"1897\" data-end=\"2052\"><strong data-start=\"1897\" data-end=\"1919\">Y\u00fczey Hassasiyeti:<\/strong> Flo\u015f iplikler s\u00fcrt\u00fcnmeye ve y\u00fcksek s\u0131cakl\u0131\u011fa kar\u015f\u0131 hassast\u0131r. Sert temizliklerde t\u00fcylenme, renk matla\u015fmas\u0131 veya kopmalar olu\u015fabilir.<\/li>\n<li data-start=\"2055\" data-end=\"2172\"><strong data-start=\"2055\" data-end=\"2076\">Parlakl\u0131k Koruma:<\/strong> Hal\u0131n\u0131n en \u00f6nemli g\u00f6rsel \u00f6zelli\u011fi olan parlak y\u00fczey, yanl\u0131\u015f deterjan ve \u0131s\u0131yla zarar g\u00f6rebilir.<\/li>\n<li data-start=\"2175\" data-end=\"2271\"><strong data-start=\"2175\" data-end=\"2194\">Doku Sabitli\u011fi:<\/strong> Hal\u0131n\u0131n yap\u0131s\u0131n\u0131 korumak i\u00e7in nem kontrol\u00fc ve uygun kurutma tekni\u011fi \u015fartt\u0131r.<\/li>\n<\/ul>\n\t\t<\/div>\n\t\t[\/vc_column][\/vc_row][vc_row][vc_column]\n\t\t<div id=\"wd-682c707107a41\" class=\"title-wrapper wd-wpb wd-set-mb reset-last-child  wd-rs-682c707107a41 wd-title-color-default wd-title-style-default text-left  wd-underline-colored\">\n\t\t\t\n\t\t\t<div class=\"liner-continer\">\n\t\t\t\t<h4 class=\"woodmart-title-container title  wd-font-weight- wd-fontsize-l\" >Flo\u015f Hal\u0131s\u0131 Y\u0131kama S\u00fcreci Nas\u0131l Olmal\u0131?<\/h4>\n\t\t\t\t\t\t\t<\/div>\n\t\t\t\n\t\t\t\n\t\t\t\n\t\t<\/div>\n\t\t\n\t\t\t\t<div id=\"wd-6839617766378\" class=\"wd-text-block wd-wpb reset-last-child wd-rs-6839617766378 text-left \">\n\t\t\t<p data-start=\"2323\" data-end=\"2409\"><strong data-start=\"2323\" data-end=\"2344\">Malta Hal\u0131 Y\u0131kama<\/strong> olarak, flo\u015f hal\u0131lar\u0131n\u0131z\u0131 \u015fu profesyonel ad\u0131mlarla temizliyoruz:<\/p>\n<ol data-start=\"2411\" data-end=\"3145\">\n<li data-start=\"2411\" data-end=\"2529\">\n<p data-start=\"2414\" data-end=\"2529\"><strong data-start=\"2414\" data-end=\"2429\">\u0130lk Analiz:<\/strong> Hal\u0131 t\u00fcr\u00fc, iplik yap\u0131s\u0131 ve mevcut leke durumu analiz edilir. Y\u0131kama plan\u0131 \u00f6zel olarak haz\u0131rlan\u0131r.<\/p>\n<\/li>\n<li data-start=\"2530\" data-end=\"2630\">\n<p data-start=\"2533\" data-end=\"2630\"><strong data-start=\"2533\" data-end=\"2546\">Toz Alma:<\/strong> Hal\u0131n\u0131n dokusuna zarar vermeden, d\u00fc\u015f\u00fck emi\u015fli \u00f6zel sistemlerle tozlar temizlenir.<\/p>\n<\/li>\n<li data-start=\"2631\" data-end=\"2731\">\n<p data-start=\"2634\" data-end=\"2731\"><strong data-start=\"2634\" data-end=\"2654\">Leke M\u00fcdahalesi:<\/strong> Noktasal lekeler, \u00f6zel pH dengeli temizleyicilerle do\u011fal yoldan giderilir.<\/p>\n<\/li>\n<li data-start=\"2732\" data-end=\"2867\">\n<p data-start=\"2735\" data-end=\"2867\"><strong data-start=\"2735\" data-end=\"2754\">Yumu\u015fak Y\u0131kama:<\/strong> Flo\u015f hal\u0131lar \u00f6zel programlarla, d\u00fc\u015f\u00fck devirli makinelerde veya elle y\u0131kan\u0131r. S\u0131cakl\u0131k dikkatle kontrol edilir.<\/p>\n<\/li>\n<li data-start=\"2868\" data-end=\"2937\">\n<p data-start=\"2871\" data-end=\"2937\"><strong data-start=\"2871\" data-end=\"2884\">Durulama:<\/strong> Bol su ile t\u00fcm kimyasal kal\u0131nt\u0131lardan ar\u0131nd\u0131r\u0131l\u0131r.<\/p>\n<\/li>\n<li data-start=\"2938\" data-end=\"3032\">\n<p data-start=\"2941\" data-end=\"3032\"><strong data-start=\"2941\" data-end=\"2958\">\u00d6zel Kurutma:<\/strong> Hal\u0131, g\u00fcne\u015f \u0131\u015f\u0131\u011f\u0131na maruz kalmadan, parlakl\u0131\u011f\u0131n\u0131 kaybetmeden kurutulur.<\/p>\n<\/li>\n<li data-start=\"3033\" data-end=\"3145\">\n<p data-start=\"3036\" data-end=\"3145\"><strong data-start=\"3036\" data-end=\"3060\">Kontrol ve Teslimat:<\/strong> T\u00fcm detaylar kontrol edilir ve hal\u0131n\u0131z \u00f6zenle paketlenerek adresinize teslim edilir.<\/p>\n<\/li>\n<\/ol>\n\t\t<\/div>\n\t\t[\/vc_column][\/vc_row][vc_row][vc_column]\n\t\t<div id=\"wd-684b1c5521ce8\" class=\"title-wrapper wd-wpb wd-set-mb reset-last-child  wd-rs-684b1c5521ce8 wd-title-color-default wd-title-style-default text-left  wd-underline-colored\">\n\t\t\t\n\t\t\t<div class=\"liner-continer\">\n\t\t\t\t<h4 class=\"woodmart-title-container title  wd-font-weight- wd-fontsize-l\" >Malta Hal\u0131 Y\u0131kama ve Koltuk Y\u0131kama Fabrikas\u0131 ile Flo\u015f Hal\u0131lar\u0131n\u0131z Emin Ellerde<\/h4>\n\t\t\t\t\t\t\t<\/div>\n\t\t\t\n\t\t\t\n\t\t\t\n\t\t<\/div>\n\t\t\n\t\t\t\t<div id=\"wd-6839618800b76\" class=\"wd-text-block wd-wpb reset-last-child wd-rs-6839618800b76 text-left \">\n\t\t\t<p data-start=\"3206\" data-end=\"3352\">Flo\u015f hal\u0131lar\u0131n\u0131z\u0131 s\u0131radan y\u0131kama firmalar\u0131na teslim etmek, dokusunu ve g\u00f6r\u00fcn\u00fcm\u00fcn\u00fc riske atmak demektir. Malta Hal\u0131 Y\u0131kama, bu \u00f6zel hal\u0131 t\u00fcr\u00fc i\u00e7in:<\/p>\n<ul data-start=\"3354\" data-end=\"3521\">\n<li data-start=\"3354\" data-end=\"3387\">\n<p data-start=\"3356\" data-end=\"3387\">Flo\u015f ipli\u011fe uygun deterjanlar<\/p>\n<\/li>\n<li data-start=\"3388\" data-end=\"3426\">\n<p data-start=\"3390\" data-end=\"3426\">D\u00fc\u015f\u00fck \u0131s\u0131, \u00f6zel kurutma sistemleri<\/p>\n<\/li>\n<li data-start=\"3427\" data-end=\"3449\">\n<p data-start=\"3429\" data-end=\"3449\">Deneyimli personel<\/p>\n<\/li>\n<li data-start=\"3450\" data-end=\"3479\">\n<p data-start=\"3452\" data-end=\"3479\">%100 memnuniyet garantisi<\/p>\n<\/li>\n<li data-start=\"3480\" data-end=\"3521\">\n<p data-start=\"3482\" data-end=\"3521\">\u0130zmit ve \u00e7evresinde \u00fccretsiz servis a\u011f\u0131<\/p>\n<\/li>\n<\/ul>\n<p data-start=\"3523\" data-end=\"3546\">ile hizmet sunmaktad\u0131r.<\/p>\n\t\t<\/div>\n\t\t[\/vc_column][\/vc_row][vc_row][vc_column]\n\t\t<div id=\"wd-682c70975b4c1\" class=\"title-wrapper wd-wpb wd-set-mb reset-last-child  wd-rs-682c70975b4c1 wd-title-color-default wd-title-style-default text-left  wd-underline-colored\">\n\t\t\t\n\t\t\t<div class=\"liner-continer\">\n\t\t\t\t<h4 class=\"woodmart-title-container title  wd-font-weight- wd-fontsize-l\" >Flo\u015f Hal\u0131s\u0131 Y\u0131kama Fiyatlar\u0131<\/h4>\n\t\t\t\t\t\t\t<\/div>\n\t\t\t\n\t\t\t\n\t\t\t\n\t\t<\/div>\n\t\t\n\t\t\t\t<div id=\"wd-684b1c71f28f2\" class=\"wd-text-block wd-wpb reset-last-child wd-rs-684b1c71f28f2 text-left \">\n\t\t\t<p data-start=\"3587\" data-end=\"3710\">Flo\u015f hal\u0131lar\u0131n temizlik fiyatlar\u0131, hal\u0131n\u0131n \u00f6l\u00e7\u00fcs\u00fc, yo\u011funlu\u011fu, leke durumu ve uygulanacak y\u00f6nteme g\u00f6re de\u011fi\u015fkenlik g\u00f6sterir.<\/p>\n<p data-start=\"3712\" data-end=\"3857\">???? <strong data-start=\"3715\" data-end=\"3755\">Minimum servis bedelimiz 500 TL&#8217;dir.<\/strong><br data-start=\"3755\" data-end=\"3758\" \/>???? Fiyat teklifi i\u00e7in hal\u0131n\u0131z\u0131n \u00f6l\u00e7\u00fclerini ve g\u00f6rsellerini WhatsApp \u00fczerinden bize iletebilirsiniz.<\/p>\n\t\t<\/div>\n\t\t[\/vc_column][\/vc_row][vc_row][vc_column]\n\t\t<div id=\"wd-682c70a53bf55\" class=\"title-wrapper wd-wpb wd-set-mb reset-last-child  wd-rs-682c70a53bf55 wd-title-color-default wd-title-style-default text-left  wd-underline-colored\">\n\t\t\t\n\t\t\t<div class=\"liner-continer\">\n\t\t\t\t<h4 class=\"woodmart-title-container title  wd-font-weight- wd-fontsize-l\" >Flo\u015f Hal\u0131s\u0131 Y\u0131kama Hakk\u0131nda S\u0131k Sorulan Sorular<\/h4>\n\t\t\t\t\t\t\t<\/div>\n\t\t\t\n\t\t\t\n\t\t\t\n\t\t<\/div>\n\t\t\n\t\t\t\t<div id=\"wd-682c70b0757e6\" class=\"wd-text-block wd-wpb reset-last-child wd-rs-682c70b0757e6 text-left \">\n\t\t\t<p data-start=\"3889\" data-end=\"4030\"><strong data-start=\"3889\" data-end=\"3928\">Flo\u015f hal\u0131m\u0131 evde y\u0131kayabilir miyim?<\/strong><br data-start=\"3928\" data-end=\"3931\" \/>Hay\u0131r. Ev tipi deterjanlar ve makineler hal\u0131n\u0131n yap\u0131s\u0131na zarar verir, parlakl\u0131\u011f\u0131n\u0131 kaybettirebilir.<\/p>\n<p data-start=\"4032\" data-end=\"4168\"><strong data-start=\"4032\" data-end=\"4059\">Kuruma s\u00fcresi ne kadar?<\/strong><br data-start=\"4059\" data-end=\"4062\" \/>Ortam ko\u015fullar\u0131na g\u00f6re 24-36 saat aras\u0131nda de\u011fi\u015fir. G\u00fcne\u015f \u0131\u015f\u0131\u011f\u0131 olmadan, \u00f6zel kurutma sistemi ile yap\u0131l\u0131r.<\/p>\n<p data-start=\"4170\" data-end=\"4285\"><strong data-start=\"4170\" data-end=\"4212\">Flo\u015f hal\u0131lar tekrar parlat\u0131labilir mi?<\/strong><br data-start=\"4212\" data-end=\"4215\" \/>Evet, profesyonel y\u0131kama ile orijinal parlakl\u0131\u011f\u0131 b\u00fcy\u00fck oranda korunur.<\/p>\n\t\t<\/div>\n\t\t[\/vc_column][\/vc_row][vc_row][vc_column]\n\t\t<div id=\"wd-684b1c9223452\" class=\"title-wrapper wd-wpb wd-set-mb reset-last-child  wd-rs-684b1c9223452 wd-title-color-default wd-title-style-default text-left  wd-underline-colored\">\n\t\t\t\n\t\t\t<div class=\"liner-continer\">\n\t\t\t\t<h4 class=\"woodmart-title-container title  wd-font-weight- wd-fontsize-l\" >Kocaeli Flo\u015f Hal\u0131s\u0131 Y\u0131kama Hizmetinde G\u00fcvenilir Adres: Malta Hal\u0131 Y\u0131kama ve Koltuk Y\u0131kama Fabrikas\u0131<\/h4>\n\t\t\t\t\t\t\t<\/div>\n\t\t\t\n\t\t\t\n\t\t\t\n\t\t<\/div>\n\t\t\n\t\t\t\t<div id=\"wd-684b1ca204d3b\" class=\"wd-text-block wd-wpb reset-last-child wd-rs-684b1ca204d3b text-left \">\n\t\t\t<p data-start=\"4366\" data-end=\"4565\">Evinizde \u015f\u0131kl\u0131\u011f\u0131 temsil eden flo\u015f hal\u0131lar\u0131n\u0131z i\u00e7in en do\u011fru adres: <strong>Malta Hal\u0131 Y\u0131kama ve Koltuk Y\u0131kama Fabrikas\u0131<\/strong><\/p>\n<p data-start=\"4366\" data-end=\"4565\">Do\u011fru teknik, do\u011fru malzeme ve do\u011fru ellere emanet edin. Hal\u0131n\u0131z zarar g\u00f6rmeden, ilk g\u00fcnk\u00fc gibi geri gelsin.<\/p>\n<p data-start=\"4567\" data-end=\"4701\">???? <strong data-start=\"4570\" data-end=\"4583\">\u0130leti\u015fim:<\/strong> +90 (262) 322 25 82<br data-start=\"4603\" data-end=\"4606\" \/>???? <strong data-start=\"4609\" data-end=\"4630\">Hizmet B\u00f6lgeleri:<\/strong> \u0130zmit, K\u00f6rfez, Yahyakaptan, Derince, Umuttepe, Ye\u015filova ve t\u00fcm Kocaeli<\/p>\n\t\t<\/div>\n\t\t[\/vc_column][\/vc_row][\/vc_section]<\/p>\n<\/div>","protected":false},"excerpt":{"rendered":"<p>[vc_section][vc_row woodmart_css_id=&#8221;685824836b2bd&#8221; responsive_spacing=&#8221;eyJwYXJhbV90eXBlIjoid29vZG1hcnRfcmVzcG9uc2l2ZV9zcGFjaW5nIiwic2VsZWN0b3JfaWQiOiI2ODU4MjQ4MzZiMmJkIiwic2hvcnRjb2RlIjoidmNfcm93IiwiZGF0YSI6eyJ0YWJsZXQiOnt9LCJtb2JpbGUiOnt9fX0=&#8221; mobile_bg_img_hidden=&#8221;no&#8221; tablet_bg_img_hidden=&#8221;no&#8221; woodmart_parallax=&#8221;0&#8243; woodmart_gradient_switch=&#8221;no&#8221; woodmart_box_shadow=&#8221;no&#8221; wd_z_index=&#8221;no&#8221; woodmart_disable_overflow=&#8221;0&#8243; row_reverse_mobile=&#8221;0&#8243; row_reverse_tablet=&#8221;0&#8243;][vc_column width=&#8221;1\/2&#8243;][\/vc_column][vc_column width=&#8221;1\/2&#8243;][\/vc_column][\/vc_row][vc_row][vc_column][\/vc_column][\/vc_row][vc_row][vc_column][\/vc_column][\/vc_row][vc_row][vc_column][\/vc_column][\/vc_row][vc_row][vc_column][\/vc_column][\/vc_row][vc_row][vc_column][\/vc_column][\/vc_row][vc_row][vc_column][\/vc_column][\/vc_row][vc_row][vc_column][\/vc_column][\/vc_row][\/vc_section]<\/p>\n","protected":false},"author":1,"featured_media":0,"parent":10131,"menu_order":0,"comment_status":"closed","ping_status":"closed","template":"","meta":{"footnotes":""},"class_list":["post-10170","page","type-page","status-publish","hentry"],"_links":{"self":[{"href":"https:\/\/www.maltahaliyikama.com\/index.php\/wp-json\/wp\/v2\/pages\/10170","targetHints":{"allow":["GET"]}}],"collection":[{"href":"https:\/\/www.maltahaliyikama.com\/index.php\/wp-json\/wp\/v2\/pages"}],"about":[{"href":"https:\/\/www.maltahaliyikama.com\/index.php\/wp-json\/wp\/v2\/types\/page"}],"author":[{"embeddable":true,"href":"https:\/\/www.maltahaliyikama.com\/index.php\/wp-json\/wp\/v2\/users\/1"}],"replies":[{"embeddable":true,"href":"https:\/\/www.maltahaliyikama.com\/index.php\/wp-json\/wp\/v2\/comments?post=10170"}],"version-history":[{"count":7,"href":"https:\/\/www.maltahaliyikama.com\/index.php\/wp-json\/wp\/v2\/pages\/10170\/revisions"}],"predecessor-version":[{"id":10416,"href":"https:\/\/www.maltahaliyikama.com\/index.php\/wp-json\/wp\/v2\/pages\/10170\/revisions\/10416"}],"up":[{"embeddable":true,"href":"https:\/\/www.maltahaliyikama.com\/index.php\/wp-json\/wp\/v2\/pages\/10131"}],"wp:attachment":[{"href":"https:\/\/www.maltahaliyikama.com\/index.php\/wp-json\/wp\/v2\/media?parent=10170"}],"curies":[{"name":"wp","href":"https:\/\/api.w.org\/{rel}","templated":true}]}}